 = -l - 20. Suppose 0 = -y*x + 9 + 39. Calculate the highest common divisor of x and 8.
4
Let t(n) = 3 - 1 - n + 1. Let f be t(0). Suppose f*z - 40 = 11. Calculate the highest common divisor of 119 and z.
17
Let f(o) = o**2 + 2*o + 1. Let g be f(2). What is the greatest common factor of g and 72?
9
Let m = -24 + 19. Let i(d) = 7*d + 7. Let t(y) = 4*y + 3. Let w(x) = 3*i(x) - 5*t(x). Let n be w(m). What is the greatest common factor of 11 and n?
1
Let k be 12/2 + -3 + 13. Suppose 2*g = -0*g + 288. Calculate the greatest common factor of g and k.
16
Let q(t) = 2*t**2 - 46*t + 2. Let i be q(23). What is the highest common divisor of 10 and i?
2
Let m = -9 - -6. Let v be (-6)/(m - 0 - -1). Calculate the highest common divisor of 6 and v.
3
Suppose -3*o + 80 = -5*o. Let x = -28 - o. Suppose 2*l - 166 = -3*q + 226, -4*q + 538 = -5*l. Calculate the highest common factor of x and q.
12
Let x be (96/(-15))/((-1)/5). Let d = x - 50. Let w = d - -38. Calculate the highest common divisor of 30 and w.
10
Let o(v) = 4*v**2 - 21*v + 2. Let f be o(6). Calculate the highest common divisor of 80 and f.
20
Let j = -5 - 0. Let x = 12 + j. Let r(s) = -s**3 + 10*s**2 - 10*s + 3. Let q be r(x). Calculate the greatest common divisor of q and 32.
16
Let y be (-118)/(-6) + (-4)/(-12). Let k(h) = h**2 + 12*h + 4. Let n be k(-8). Let r = 48 + n. Calculate the highest common factor of r and y.
20
Suppose 4 = 3*d + 1. Calculate the highest common divisor of d and 9.
1
Let g(u) = 2*u**2 + 1. Let n be g(-5). Let j = n + -29. What is the greatest common divisor of 55 and j?
11
Let z = 752 - 509. Suppose 2*b + z = 7*b - u, -2*b + 2*u + 94 = 0. Calculate the highest common factor of b and 7.
7
Let h be ((-4)/(-6))/((-6)/(-162)). What is the highest common factor of h and 9?
9
Let d(t) = -4*t**3 + 1 + 0*t**3 - 3*t**3 + 6*t**3 - 2*t**2. Let x be d(2). Let r be 56/21*x/(-4). Calculate the highest common divisor of 110 and r.
10
Let o(k) = k**3 - 6*k**2 + 4*k + 7. Let z be o(5). Suppose u = -5*d + 13, 3*u - d - 1 = z*u. Calculate the greatest common factor of 9 and u.
3
Suppose -135 = -2*j - 15. Suppose 0 = -3*y - 3, 5*n = -4*y - 12 + 38. What is the greatest common divisor of j and n?
6
Let q be (4 - 8)*(-3)/12. Calculate the greatest common factor of 11 and q.
1
Let l(h) = -h**3 - 12*h**2 - 14*h - 13. Let i be l(-11). Let d be ((-8)/(-6))/((-2)/(-3)). Let k = 7 - d. Calculate the highest common factor of k and i.
5
Let m(y) = -y - 1. Let g be m(-1). Suppose a + k - 4*k = -1, g = 3*k - 3. Suppose -a = -4*n + 2. What is the greatest common divisor of 1 and n?
1
Let m(c) = c**3 - 6*c**2 + 6*c - 4. Let z be m(5). Suppose -4*n + n + 3 = 3*p, p + 4 = 4*n. Calculate the highest common factor of z and n.
1
Let q be 3/2*2 - -2. Suppose -10*y + y + 90 = 0. Calculate the greatest common factor of q and y.
5
Let j(i) = i + 3. Let u be j(-9). Let g be u/5*15/(-1). What is the greatest common divisor of 54 and g?
18
Let c = -12 + 13. Let r(x) = -x**2 - 7*x - 3. Suppose -2*t + 21 = -3*j, -3*j - 4*t - 4 = -1. Let z be r(j). What is the highest common divisor of z and c?
1
Let l(r) = 12*r + 3. Let d be l(3). Calculate the greatest common factor of 13 and d.
13
Let w = 5 + -1. Let n(q) = -q + 4. Let v be n(w). Suppose v*y - 28 = -4*y. Calculate the greatest common factor of y and 28.
7
Let s be (1 + -2)/((-2)/486). Let u be (-6)/9*(-5 - 1). Let y be s/u - (-3)/(-4). What is the highest common factor of 24 and y?
12
Let a(k) = -6*k - 10. Let i be a(7). Let f be i/(-9) + (-4)/(-18). Calculate the highest common factor of f and 48.
6
Suppose -2*y = 2*y - 240. Calculate the highest common factor of 24 and y.
12
Suppose -s = i - 50, 5*s - 160 - 90 = -2*i. Calculate the highest common divisor of 125 and s.
25
Let s(o) = -o + 3. Let p be s(3). Let r(g) = g**3 + g**2 - g + 4. Let t be r(p). Let k be t - (-2 - -1) - 0. Calculate the highest common factor of 5 and k.
5
Suppose -3*g = -8*g + 75. Calculate the highest common factor of g and 165.
15
Suppose 3*x = -5*i - x + 952, 968 = 5*i - 4*x. What is the highest common divisor of 48 and i?
48
Suppose 0 = -11*b + 6*b + 85. What is the greatest common factor of 68 and b?
17
Let r = 18 + -7. Suppose 0 = q + 4*l - 88, -4*q + 250 = -2*l - 102. What is the greatest common divisor of q and r?
11
Suppose 3*f - 360 = -2*f. What is the highest common factor of 9 and f?
9
Suppose 0 = -0*r - 4*r + 92. What is the highest common factor of r and 253?
23
Let r be 90 + (0 - 0)/3. What is the highest common divisor of 225 and r?
45
Let r(y) = -4*y**3 - 4*y**2 - 2*y - 2. Let n be r(-4). What is the greatest common factor of 22 and n?
22
Suppose -12 = -13*i + 12*i. What is the greatest common divisor of i and 144?
12
Let f = 17 - -8. Calculate the highest common factor of 10 and f.
5
Let o be (-4)/14 + (-688)/(-56). What is the greatest common divisor of o and 120?
12
Suppose 3*o = -o + 224. Let u = -8 - -15. What is the greatest common divisor of o and u?
7
Suppose 0 = 58*h - 54*h - 8. Suppose s - 6*s + 441 = -w, -5*s - 5*w = -435. Suppose h*r = 4*r - s. What is the greatest common factor of 11 and r?
11
Let k be 16 - 1*-2*3/(-6). What is the greatest common factor of k and 15?
15
Let d be 4/(-6) + 58/6. Suppose -5*v - 33 = 12. Let p be (1*v)/(3/(-27)). What is the greatest common divisor of d and p?
9
Suppose -5*c = 25*c - 330. Suppose -t = 2 - 35. What is the greatest common divisor of c and t?
11
Let c = -3 + 14. Let w(h) = -h**2 + 4*h + 4. Let u be w(4). Let o be 10*11*2/u. Calculate the highest common factor of c and o.
11
Suppose -5*m + 16 = -4*v + v, 5*v = 3*m - 16. What is the highest common divisor of 14 and m?
2
Let f = 3 + 0. Let j be 1/f + (-4)/(-6). What is the greatest common divisor of 11 and j?
1
Suppose 2*d = 6*d + 3*o + 528, -4*o = 5*d + 659. Let h = 231 + d. Let s(l) = -l**2 + 24. Let g be s(0). Calculate the greatest common divisor of g and h.
24
Let l = -4 + 16. Let h be (0 - 1) + 1 + l. Let r = -106 + 190. What is the greatest common factor of r and h?
12
Let l(o) = -2*o**2 - 5*o + 3. Let s be l(-7). Let u = s - -95. What is the greatest common factor of u and 14?
7
Let x(z) = -z**2 + 8*z + 9. Let s be x(9). Suppose -3*u + 216 = -4*q, s*q + 3 = -q. Suppose -3*p + u = -31. What is the highest common divisor of p and 3?
3
Let n(c) = -c**3 - c**2 - c. Let t be n(0). Let p = t + 0. Suppose -2*k - 5*f = -68, -2*k - 3*k - f + 124 = p. Calculate the greatest common factor of k and 36.
12
Suppose -4*y - 483 = -5*i, 2*y + 821 = 5*i + 332. Let a(t) = 5 - 4*t + 2 - 4 + 2*t**2. Let l be a(3). What is the highest common divisor of l and i?
9
Suppose 4*k = -3*s + 22 + 12, -32 = -3*s - 2*k. Calculate the greatest common divisor of s and 70.
10
Let v be (3/9 - -6) + 2/(-6). What is the greatest common divisor of 21 and v?
3
Suppose 2*m = -m - 18. Let l be 18/8 - m/8. Suppose -2*j - 25 = -l*j + 5*b, -5*j = 3*b - 97. What is the highest common divisor of j and 5?
5
Let b(n) = -n**3 - 10*n**2 + 8*n + 9. Let f be b(-11). Calculate the greatest common divisor of 14 and f.
14
Suppose 5*p + 1 = -3*i + 4*i, -5*i + 89 = 3*p. What is the greatest common divisor of 16 and i?
16
Let y(j) = j**2 + 11*j + 4. Let x be y(-11). Calculate the highest common factor of x and 20.
4
Let l = -78 + 116. Let x = -4 + -19. Let k = x + l. What is the greatest common factor of 60 and k?
15
Let z = 63 - 39. Calculate the greatest common factor of 12 and z.
12
Suppose -3 = 5*u - 6*u. Suppose -t + 3 = -6. Let z = t - 8. What is the highest common factor of z and u?
1
Let f = 92 - 63. Let d = f - -70. Calculate the greatest common divisor of 9 and d.
9
Let i be (5/(-3))/(3/(-9)). Suppose i*x + 13 - 68 = 0. Let m be (-9)/(-7) + (-4)/14. Calculate the highest common divisor of m and x.
1
Suppose 4*o - 1 = 5*o. Let x = o + 1. Let b be x - 1/((-3)/54). What is the greatest common divisor of b and 12?
6
Suppose 2*t + 143 = 4*c - t, 0 = -c - 5*t + 53. What is the greatest common factor of 19 and c?
19
Let m(g) = -g + 6. Let d be m(7). Let c(l) = l**3 + 2*l**2 - 1. Let o be c(d). Suppose 5*f - 320 = -o*f. Calculate the highest common divisor of f and 8.
8
Let i(h) = -2*h - 2. Let j be i(-3). Suppose j*t = t + 42. What is the highest common factor of t and 28?
14
Suppose -48 = -3*w - 5*c + 157, 2*c - 10